6 - (5 + 33))
-21
Evaluate (-7 - -10) + -57 + 24 - 5.
-35
Evaluate 36 + 15 - ((-10 - 2) + 13).
50
What is the value of -38 - ((-84 - (-2 - 87)) + (1 - 3) + 0)?
-41
Calculate -26 - (3 - 0 - -1 - (38 - 31) - -2).
-25
What is the value of (19 - (-12 + -22 - -22)) + -4?
27
20 + (21 - (42 + (10 - 22))) + -88
-77
Calculate -123 + -41 + (29 - 3) + 1.
-137
What is the value of 19 + 1 + 36 + -34 + -12 + 11?
21
What is the value of -10 - -42 - (12 - (4 + -4))?
20
Calculate -96 + -49 + 239 + -183.
-89
Evaluate 14 + (-15 - -1 - -1) + (11 - (10 - 3)).
5
What is the value of -20 - -18 - (-14 + 47 + 5)?
-40
Calculate 95 + -1 - (-81 + 205 + -93).
63
Evaluate 88 + (-353 + 365 + -13 + -1 - (-7 + 6)).
87
1 + -1 + 44 - (25 - (-35 + 52))
36
Calculate -7 + -2 - (-33 - (-15 - -4 - -6)).
19
Evaluate (-15 - 2) + 83 - 30.
36
(-76 + 33 - -163) + (14 - 18) + (2 - 7)
111
Evaluate 40 + 8 + (-27 - 5).
16
Calculate (-18 - -7) + -10 + (105 - 132).
-48
What is 94 + -58 + (34 - 22)?
48
What is the value of -25 - (4 + 3 - -3 - (18 - 32))?
-49
What is the value of -84 + 109 + -34 + 120?
111
What is the value of -5 + (14 - (-20 + 33 + 27))?
-31
What is (16 + -39 + 28 - -3) + (-57 + 4 - 4)?
-49
Evaluate 25 - (48 - -26 - -45 - -4).
-98
13 - 44 - ((-2 - -1) + 11) - 6
-47
Calculate -18 + -64 + (55 - 17) + -92.
-136
0 + (5 - (5 + -3 + (4 - 4)))
3
Calculate -19 + (-3 + 26 - (-10 - -13)) - -92.
93
Calculate 10 - (3 + (0 - 7) - (-91 + 87) - -25).
-15
What is -43 - (1498 - 1505 - (-1 - 18))?
-55
What is -38 - -60 - 52 - (-19 - 1)?
-10
Calculate 51 - 113 - -17 - -17.
-28
-64 + (-9 - 21) + 7 + 16
-71
Evaluate (-12 - (12 + 18)) + 3 + 9 + -18.
-48
Evaluate -6 - (-13 + 3 + 28 - 12 - 1).
-11
1 - ((162 - 142) + (-3 - (17 - -1)))
2
19 - (34 - (23 - 6)) - -15 - -98
115
What is 1474 - 1429 - (-5 - (27 + -4))?
73
What is -42 + -2 + (4 - (10 - 17))?
-33
(-18 - -2) + (37 - 27) + -7 - (-37 + 1)
23
What is the value of -42 - -44 - -41 - 38?
5
What is (-35 + 0 + 0 + 7 - 11) + -7?
-46
What is the value of (10 - (4 - 19)) + 47 + -50?
22
What is the value of (-30 - (-33 + -3 - -3)) + 1 + 7?
11
Calculate 39 - (7 - -7) - (-22 - -13).
34
Calculate 13 + -73 + -17 + 38.
-39
Calculate (3 + -10 - (11 + -15 - (-5 + 3))) + 19.
14
28 + (-29 - -26) + (-11 - -5 - -14) + -7
26
What is -2534 + 2551 - (2 - 3 - (-1 + 1 + 0))?
18
(72 - 26) + (2 - (-6 + 21))
33
What is the value of (0 - 2) + 16 + -92 + 260 + -184?
-2
-4 + (37 - 1) + -18 + (43 - 5)
52
Calculate (2 - (0 - -10 - -47)) + -153 + 157.
-51
What is the value of -31 - ((-225 + 219 - (0 - 12 - 0)) + 2)?
-39
(-19 + 84 - -37) + -12 + 9
99
Evaluate -14 + (126 + -36 - 113).
-37
Calculate 21 + -7 + (0 - 12) + 5 + 1.
8
What is 2 + -2 + -29 + 34 + 14?
19
What is the value of (109 + -32 - (-8 - 4)) + -14 + 12?
87
Calculate (-1 - -2 - -4) + (22 - 44) + 9 - 80.
-88
Calculate -12 + 1 + (2204 - 2179).
14
Calculate 87 + 73 + 1 - 110.
51
Calculate -14 + -8 + 1 + -67 + 103.
15
Evaluate 7 - (12 + -1) - 37.
-41
What is the value of 7 + (-12 - -9 - (9 + (-75 - -8)))?
62
-11 - (-56 - (0 + (7 - (5 + 9))))
38
What is 8 + (2 - -3) - (78 - 49)?
-16
What is 44 + -34 + -36 + (12 - 11)?
-25
What is (147 - (110 + -15)) + 4?
56
What is the value of (349 - 98) + -99 + -45?
107
What is 8 + (51 - 15 - 15 - (96 + 30))?
-97
What is (-7 - 0) + -18 + 22 + (-2 - -50)?
45
Evaluate -424 + 476 - (93 - -5).
-46
(37 - 1) + (509 - 497)
48
Evaluate 43 - (152 + (-163 - -81)).
-27
What is the value of -25 - (-32 - -39) - 3 - 7?
-42
Calculate -3 - -62 - (-2263 - -2292).
30
Calculate 22 + (33 - (4 + -2 + 12 + 0)).
41
What is the value of (43 + -128 - -36) + 0 + -3 + -1?
-53
(21 + -18 - (1 + -2)) + (-4 - (-6 + 2))
4
What is the value of 1 + (-5 - 0 - -6) + 9?
11
What is the value of -19 - 2 - (-69 - (-22 + -28))?
-2
Calculate (-53 - (-126 + 98)) + 18 + -3.
-10
What is the value of 37 + -60 + (-1 - 13)?
-37
10 - (3 - -12 - (19 - (22 - 38)))
30
Evaluate -3 - -28 - 49 - -4.
-20
Evaluate -25 - (127 + 50 + -115).
-87
Evaluate 31 + 31 + (-23 - -13) - 3.
49
(5801 - 5803) + (30 + 3 + -1 - (5 + -3))
28
What is the value of 33 + (-74 - 22) - 50?
-113
What is the value of (-1 - 3) + (-218 - (-44 - 129))?
-49
What is the value of (6 + -21 + 10 - -37) + -155?
-123
What is the value of 45 - (76 - (34 - -19))?
22
What is the value of 6 - (-256 + 119 - -126)?
17
What is -21 + -1 + -2 + 37 - 7?
6
What is -37 + 45 + 2 - (19 + 3) - 13?
-25
-8 + (-139 - -81 - -34 - (-8 + (2 - 2)))
-24
What is 57 - (64 + -48 + -4 + -6 + -1)?
52
Evaluate -12 + -20 + 105 - (5 - 1 - 4).
73
Calculate 27 + (20 + -16 + 18 - -15).
64
Evaluate 89 + 0 - (-15 + 1 + (11 - -9)).
83
Evaluate -1 + -3 + 2 - (-153 + 220 + 85).
-154
43 + (25 - (-52 - -16)) + -23
81
What is the value of 9 + -20 + 34 - (26 - 51)?
48
21302 - 21298 - (-2 - (7 + -1 + -1))
11
-69 + (-1 - 0) + (104 + -39 - 56)
-61
Evaluate -2 + -37 - (27 + -8 + -19 + -12).
-27
(-24 - (-23 - -20)) + 32 + 78
89
What is 22 + (-2 + 24 - (-36 - -63)) - 9?
8
What is the value of (1 - -19) + -377 + 292 + (9 - (1 + -3))?
-54
Evaluate -253 - -260 - (-2 - (-2 - -1 - 14)).
-6
What is the value of 1 + -56 + 222 + -204?
-37
Evaluate -318 - -321 - (23 - 1) - 8.
-27
Calculate (699 + -698 - ((-5 - -3) + 9)) + (-4 - 21).
-31
6 - -3 - (17 + -84 + 83)
-7
Evaluate 1 - -29 - (33 + (67 - (112 - 18))).
24
Evaluate ((-2 - -6) + 0 - -7 - (1 + 0)) + 44.
54
5 + 3 + 8 + (-2 - 3) + -16 + 7
2
-93 + (14 - 45) + 190
66
Evaluate -22 + (12 + 11 - 11) + -26 - 7.
-43
(3 + 2 - (-25 + 41)) + (17 - -31)
37
Calculate 2 - (24 - (-86 - -236)).
128
Calculate (7 - -33) + -58 - (-2 + (3 - -1)).
-20
23 + (-29 - (-23 - -33) - -142)
126
What is the value of (3 + 2 - 4) + 6 + (-22 - -19) + 8?
12
39 - (16 + -20 + 19)
24
What is 35 + -17 - 13 - (20 + -50)?
35
What is the value of (140 - 12) + (-1 - -2 - 0) + (-93 - -90)?
126
What is the value of -249 - -298 - (3 - -106)?
-60
Evaluate 108 + (-104 - -72) + -30.
46
Evaluate (-19 - (34 - (7 - 29))) + 30.
-45
-63 - ((-52 - -71) + -64)
-18
Calculate 10 + 22 + -30 + (3 - -5) + 13.
23
Calculate 6 + (89 + -88 - (7 + -3 - 0 - 27)).
30
What is the value of -1 - 55 - (-2 - -5 - (42 - 56))?
-73
Evaluate (-31 - (33 + -49)) + -4 + 3 + -42.
-58
79 + 90 + -202 + -56
-89
Calculate -7 + 50 - (-26 - -85).
-16
What is the value of 23 + (2 - (0 + 1)) + (-2006 - -1996)?
14
922 + -1007 - (-8 + 12 + -26 + 1)
-64
What is the value of (35 - (7 + -2 - 13 - -4)) + -10?
29
What is the value of 68 - 106 - (-27 - -4) - -29?
14
What is 50 + (36 - (40 + (-34 - 45)))?
125
Calculate 4 - 0 - (-3 - 1 - -25) - (166 + -175).
-8
What is 99 - (11 + (-11 - 7)) - (29 - (0 - -21))?
98
What is the value of (-25 - 0) + 0 - (-19 - (-64 + 36 + 5))?
-29
Calculate 13 + -1 + 1 + 18498 + -18495 - -110.
126
Calculate (1760 - 1721) + 1 + -53.
-13
What is 2 + 18 + 18 + (-59 - -1)?
-20
Evaluate -108 + (42 - -53) + (0 + -77 - (-9 - -13)).
-94
Calculate -49 + -3 - -22 - -52.
22
Calculate 12 + (-15 - -23) + 24.
44
Calculate 50 + -32 + -30 - (-10 + -3) - (1 + 1).
-1
What is the value of (6 - (4 - 14 - -18)) + 30?
28
Evaluate 11 - -14 - (12 - (13 - 1) - -8).
17
What is the value of 37 + 1 - (-3 + 8 - (-219 - -212))?
26
-117 - (-50 + 0) - -27
-40
What is the value of -37 + 33 + 10 + -46?
-40
Evaluate (-9 - (-12 - -7) - (-10 - -16)) + 25.
15
Evaluate -169 + (70 - (-48 - -39 - -46)).
-136
Evaluate -110 - (-39 - (100 - 8)).
21
What is (-1 - 5) + (-77 - -97 - (3 - 3)) + -3?
11
Evaluate 2 + -18 + 18 + -2 - 20.
-20
What is 44 + -37 + -41 + 60 + 2?
28
Evaluate 84 - (-13 + (33 - 70) + 30).
104
Evaluate 67 + (-45 - (-9 + 13)).
18
What is the value of (-54 - (9 - 1)) + -13 + 17 + -11 + 7?
-62
What is the value of (-165 - -187) + -1 + 13 + 6?
40
Calculate -14 + 31 + -12 + -20 + 21.
6
Calculate -11 - (-5 + (-6 + -5 + 8 - 11)).
8
What is 16 - (-65 + (-70 - -121))?
30
Evaluate -47 + -92 - -165 - 104.
-78
Evaluate -15 + (-9 - -10 - -11) + 4.
1
Evaluate 14 - (-2 + 4 + 3 + 2).
7
What is (11 - 73 - -15) + 330 + -364?
-81
Calculate (301 - 187) + (5 + -10 + 16 - 24).
101
38 - (-15 - (-23 + (16 - -9) + 3))
58
Calculate -26 - -6 - (39 - (-13 - -32)).
-40
Evaluate 30 + -2 - (133 - 72 - 63).
30
Evaluate -2 + -82 + 46 + -19.
-57
Evaluate (14 - -6) + (-63 - (-40 - -17)).
-20
Calculate -103 - ((-50 - -33) + 4 + (-5 - 3)).
-82
Calculate 9715 + -9548 - (1 - -73).
93
What is ((-8 - -14) + -10 + -